.
1895608
Convert 59208a (base 11) to base 3.
1202202010211
What is -1312550 (base 7) in base 16?
-29dad
What is -75ade (base 15) in base 9?
-628562
-64c58 (base 14) to base 8
-734276
What is 218075 (base 9) in base 6?
2444235
What is -1444677 (base 10) in base 12?
-598059
What is 56410154 (base 7) in base 14?
9153d4
Convert -5233124 (base 11) to base 16.
-8ccec2
What is -ccb17 (base 15) in base 10?
-650497
-39c4b (base 15) to base 6
-3544325
1146524 (base 11) to base 14
3a0b05
What is 1443444 (base 6) in base 5?
10140024
Convert 734055 (base 8) to base 16.
3b82d
What is -78678 (base 9) in base 4?
-30301130
138a9a (base 11) to base 15
4442b
What is -341303155 (base 6) in base 14?
-b82219
Convert -1311215 (base 6) to base 16.
-1179b
What is 150105 (base 8) in base 15?
10be7
31304770 (base 8) to base 6
354343400
-85b2b (base 12) to base 7
-1332356
What is -1993043 (base 10) in base 5?
-1002234133
4b9766 (base 12) to base 14
243cbc
cb94 (base 13) to base 4
12322320
-8a69a (base 13) to base 12
-101727
Convert -16614432 (base 7) to base 6.
-55010023
What is 5364644 (base 8) in base 5?
331423233
What is -230000110 (base 4) in base 7?
-1350331
Convert -210031232303 (base 4) to base 10.
-9493427
Convert 4548a9 (base 11) to base 3.
1100202220011
Convert -1a6b4e (base 16) to base 10.
-1731406
What is 480741 (base 9) in base 8?
1065010
-4313260 (base 7) to base 13
-154a0b
What is 10210120202111 (base 3) in base 12?
8145aa
Convert -13bb8 (base 12) to base 5.
-1341034
Convert -2527054 (base 8) to base 2.
-10101010111000101100
What is 141a2 (base 13) in base 11?
26318
Convert -1010111011010001001 (base 2) to base 15.
-71135
Convert 22022210220112 (base 3) to base 2.
10000111000010100000011
-100001220220011 (base 3) to base 8
-22307500
Convert -3225500 (base 6) to base 4.
-212322030
What is 20202620 (base 8) in base 7?
51135340
4141976 (base 10) to base 6
224435452
What is -132333101313 (base 4) in base 7?
-126022464
10134535 (base 6) to base 9
485415
11200245 (base 6) to base 11
214152
b078 (base 13) to base 11
17260
What is 546312 (base 7) in base 8?
273155
What is c7e54 (base 16) in base 6?
25314340
Convert -233220001 (base 4) to base 9.
-326527
Convert -16b9c (base 16) to base 13.
-334a4
-1127723 (base 8) to base 14
-7dd19
-182668 (base 14) to base 6
-30132004
What is 438c9 (base 14) in base 6?
3301333
What is 2382736 (base 9) in base 10?
1294575
Convert 17261 (base 14) to base 12.
29759
What is 120002000112 (base 3) in base 2?
1001000011100001101
What is -48438 (base 9) in base 7?
-163364
What is -15355213 (base 7) in base 9?
-2688661
268232 (base 9) to base 14
43819
2704284 (base 9) to base 16
1692d3
133741 (base 8) to base 4
23133201
Convert 2614156 (base 8) to base 7.
6115654
What is -584b13 (base 12) in base 5?
-330343214
Convert 35623425 (base 7) to base 4.
30010321002
Convert 10110100011000110011011 (base 2) to base 13.
12bc5c8
What is 80818 (base 11) in base 12?
5842b
Convert -2350313 (base 6) to base 3.
-20021001100
Convert 8e9c (base 16) to base 9.
55064
Convert 3300013001 (base 5) to base 9.
14207382
Convert -130202033212 (base 4) to base 8.
-34421746
-59576e (base 16) to base 2
-10110010101011101101110
What is 110103142 (base 5) in base 7?
4004650
Convert -2bbbe5 (base 15) to base 11.
-12153a8
-6913b (base 13) to base 15
-3ba73
What is 44115140 (base 6) in base 2?
101000001011011100100
What is -15b8b0 (base 13) in base 2?
-10000011110001110000
What is 10577875 (base 11) in base 2?
1001101110101110000100000
Convert -12bd35 (base 15) to base 9.
-1622505
-12031210 (base 5) to base 14
-2c874
-16861 (base 11) to base 10
-23662
54416 (base 11) to base 7
446260
Convert 1100010011011100 (base 2) to base 15.
edeb
Convert -3706a (base 13) to base 8.
-305436
What is 1111103 (base 6) in base 10?
55983
What is 1100010001101110000000 (base 2) in base 13?
888b2b
Convert -32100223 (base 7) to base 15.
-38bb84
Convert 1060044 (base 7) to base 9.
221163
Convert -521280 (base 9) to base 4.
-1023201102
What is 341402333 (base 5) in base 15?
1ed3b3
2167a08 (base 11) to base 14
70dab0
What is -21043434 (base 5) in base 14?
-47a29
-12372 (base 12) to base 4
-12002012
1213836 (base 11) to base 5
1020111204
What is -213272 (base 13) in base 4?
-2331332321
19d1a (base 15) to base 8
243756
1215035 (base 7) to base 11
a6838
Convert -1432002143 (base 5) to base 10.
-3781548
Convert -41504513 (base 6) to base 8.
-4464075
Convert 4e35ef (base 16) to base 10.
5125615
945333 (base 10) to base 16
e6cb5
What is 2400222440 (base 5) in base 8?
24710414
-1130443 (base 7) to base 15
-2c091
Convert 3130213203 (base 4) to base 11.
567a21
133512 (base 8) to base 3
2101100212
What is -10223310232 (base 4) in base 9?
-2271541
Convert 1426404 (base 7) to base 8.
566701
What is 47229 (base 12) in base 4?
113102001
Convert -11100011101010110010 (base 2) to base 16.
-e3ab2
100110113 (base 4) to base 13
24566
Convert 14a84 (base 13) to base 16.
98eb
Convert 63435555 (base 7) to base 9.
11085113
Convert 2374325 (base 11) to base 16.
3f164c
Convert -10ab6b (base 12) to base 2.
-1000001011000000011
-101012221201201 (base 3) to base 14
-a15622
What is 460478 (base 10) in base 13?
131795
Convert 19085b (base 16) to base 8.
6204133
What is 11111001100100000111001 (base 2) in base 8?
37144071
4d2242 (base 14) to base 10
2656642
61889 (base 14) to base 10
234929
-50c035 (base 14) to base 4
-22120210233
What is -19ab43 (base 15) in base 6?
-42453000
Convert 12310101203 (base 4) to base 3.
10100210021102
Convert -167504 (base 12) to base 11.
-244071
11501352 (base 7) to base 11
640734
801919 (base 11) to base 8
4731140
What is 151846a (base 11) in base 15?
366260
-24840 (base 9) to base 8
-40522
What is -67246 (base 12) in base 11?
-93903
What is -1001110001010100111011 (base 2) in base 3?
-11211010111102
Convert -25411455 (base 7) to base 3.
-11100010121100
9724028 (base 10) to base 14
1411a56
11001010101000011011000 (base 2) to base 4
121111003120
35c16 (base 15) to base 10
171471
Convert 6a60 (base 13) to base 2.
11101001100110
What is -10024010 (base 5) in base 13?
-2a488
-1329132 (base 12) to base 8
-16351566
What is -261608 (base 12) in base 5?
-124442210
Convert -3235552 (base 6) to base 4.
-213032330
18b9524 (base 12) to base 7
62243452
What is -528377 (base 11) in base 2?
-11001110011101000000
What is 133054310 (base 6) in base 10?
2666850
Convert 1001001011111011011111 (base 2) to base 5.
1104030114
10111111111010011001010 (base 2) to base 8
27772312
What is -227105 (base 8) in base 7?
-441413
Convert -1212064 (base 9) to base 12.
-278694
Convert 11110111001011111100 (base 2) to base 10.
1012476
What is 3485 (base 14) in base 7?
35425
Convert 253939 (base 10) to base 14.
68787
1016732 (base 13) to base 4
102210322100
1010111010100010 (base 2) to base 4
22322202
15483 (base 12) to base 15
8d86
What is -38165 (base 13) in base 2?
-11001010001010111
32f940 (base 16) to base 9
6251406
Convert -152143543 (base 6) to base 16.
-309ef7
What is -10112221001221 (base 3) in base 5?
-440410122
What is -31414550 (base 7) in base 6?
-133000435
What is 203655 (base 10) in base 5?
23004110
Convert 666452 (base 10) to base 16.
a2b54
44300042 (base 6) to base 16
144a3a
88171 (base 12) to base 7
1346416
Convert -31103135 (base 6) to base 10.
-894947
-250168 (base 10) to base 6
-5210104
Convert -1001101110100111010 (base 2) to base 11.
-1a8559
What is a30be1 (base 15) in base 7?
122600554
Convert -243182 (base 9) to base 2.
-100011110011111100
What is -40171 (base 9) in base 10?
-26389
Convert 1f8ff (base 16) to base 15.
28489
Convert 3a22819 (base 11) to base 2.
11010100010110000101101
-237b75 (base 12) to base 5
-121324031
Convert -2871922 (base 10) to base 12.
-b65baa
Convert -1555330 (base 6) to base 3.
-11201212200
What is 534225 (base 6) in base 13?
16b92
Convert 247660 (base 16) to base 4.
21013121200
Convert -4297d (base 14) to base 15.
-32aa2
Convert -58cc3 (base 15) to base 6.
-10022120
Convert 320775 (base 8) to base 14.
2add3
312330213 (base 4) to base 14
5c03d
-1006055 (base 8) to base 4
-1000300231
-42120312 (base 5) to base 8
-1250057
What is 1064387 (base 10) in base 14?
1d9c79
Convert -312de (base 15) to base 7.
-1216355
-835189 (base 12) to base 3
-10212202012020
Convert -357638 (base 10